100110 + 100001111111110001011010?
100001111111110010000000
In base 6, what is 134340 + -122?
134214
In base 13, what is 10032c5 - 5?
10032c0
In base 15, what is -b6cde - -12?
-b6ccc
In base 15, what is 14 + -2c245?
-2c231
In base 15, what is 16 + 4bd133?
4bd149
In base 16, what is 1 + -1023663?
-1023662
In base 7, what is -1 + 2266016135?
2266016134
In base 9, what is -4 + 12465158?
12465154
In base 10, what is 2 - 17669684?
-17669682
In base 11, what is 4 - -283665?
283669
In base 10, what is 80 - -798343?
798423
In base 7, what is 24254 - 140144?
-112560
In base 10, what is 362397 - -52?
362449
In base 4, what is 203323221 - 122?
203323033
In base 3, what is -21220012 - 10102?
-22000121
In base 13, what is 99c1 + -4c?
9972
In base 12, what is b5 - -26493?
26588
In base 5, what is 22230 + 331213?
403443
In base 9, what is 315 - -2177?
2503
In base 6, what is 2 - -403013?
403015
In base 3, what is 1112202 - -201012201212?
201021021121
In base 9, what is 103564 + -62?
103502
In base 9, what is -43124 + -61?
-43185
In base 9, what is 161453 + 245?
161708
In base 16, what is 140 - -218?
358
In base 5, what is 232124142 + 324?
232130021
In base 12, what is 4 + 33752915?
33752919
In base 2, what is 111100101010000101 - 1101000?
111100101000011101
In base 15, what is 1b8aa1 - 5d?
1b8a43
In base 4, what is 2103113133 - 220?
2103112313
In base 6, what is -11310 - -23520343?
23505033
In base 4, what is -1013110 + 12000231?
10321121
In base 13, what is 1b2482 + -184?
1b22cb
In base 15, what is b8d52bd + 4?
b8d52c2
In base 11, what is a38877 - -2?
a38879
In base 9, what is -1122271 - -27?
-1122243
In base 14, what is -40b - -1056a?
1015d
In base 8, what is 1101340 + 72?
1101432
In base 4, what is 0 + -1030231202332?
-1030231202332
In base 9, what is 25056 + 1282?
26348
In base 2, what is -1100 - 111111000100011010010?
-111111000100011011110
In base 8, what is -11612061 - 14?
-11612075
In base 8, what is 5 + -335536054?
-335536047
In base 14, what is 188526a - 7?
1885263
In base 3, what is -112000121020 - 222?
-112000122012
In base 12, what is -114 - -170697?
170583
In base 16, what is -b878 + da?
-b79e
In base 13, what is 5 - -16b49203?
16b49208
In base 10, what is -211 + -9137?
-9348
In base 4, what is 123233011003 - 2?
123233011001
In base 6, what is 0 - 12241513350?
-12241513350
In base 14, what is 4 + 7c40d7?
7c40db
In base 4, what is -11303100332222 + -10?
-11303100332232
In base 6, what is -140 + 335552?
335412
In base 7, what is 116551 - -246?
120130
In base 10, what is 170 - 37656?
-37486
In base 9, what is 1 - 12815803?
-12815802
In base 7, what is -366423 + 13404?
-353016
In base 2, what is -100 - -111110010011000110110101?
111110010011000110110001
In base 9, what is 180 + -80745?
-80555
In base 8, what is -21124 + -106?
-21232
In base 8, what is 7443 + 27063?
36526
In base 9, what is 720245138 + 0?
720245138
In base 12, what is 64773b4 - 19?
6477397
In base 5, what is 10 - -103441331324?
103441331334
In base 14, what is 3 + -149a6637?
-149a6634
In base 13, what is 4 + 799154?
799158
In base 15, what is -33 - -c70?
c3c
In base 15, what is -4 - -4c3acc?
4c3ac8
In base 4, what is 22022322001 - 1001?
22022321000
In base 5, what is 4412 + 2014?
11431
In base 16, what is -c0c2 + -41?
-c103
In base 6, what is -111351 - 100020?
-211411
In base 8, what is -14547305 + 235?
-14547050
In base 12, what is 24 - -129b34?
129b58
In base 13, what is 84247 + 10?
84257
In base 6, what is 12001123 - -142?
12001305
In base 7, what is -5 - -2245314552?
2245314544
In base 11, what is 189961 + -5?
189957
In base 2, what is -10 + 111010010100110111100101?
111010010100110111100011
In base 13, what is -582 + 2338?
1a86
In base 16, what is -c764b + -f?
-c765a
In base 14, what is 1011d + -10c?
10011
In base 7, what is -26120216 + -2?
-26120221
In base 12, what is 259783a + 1?
259783b
In base 10, what is -47053 + 1211?
-45842
In base 7, what is -4450412 - 24?
-4450436
In base 9, what is 85350 + 5332?
101682
In base 2, what is -1 - -1110001101110110000000111?
1110001101110110000000110
In base 6, what is 1 - -1322214401?
1322214402
In base 2, what is 11100100011 + -11110100101110?
-11011000001011
In base 15, what is 4 - 7e59655?
-7e59651
In base 9, what is 1301581 + -112?
1301468
In base 16, what is -d40 - 1314?
-2054
In base 6, what is 114335252 + 2?
114335254
In base 16, what is -56 + 1ab59?
1ab03
In base 15, what is -2166 + 280?
-1dd6
In base 5, what is 31321422 - -210?
31322132
In base 11, what is 2 - -4351735?
4351737
In base 7, what is 34421044 + 23?
34421100
In base 4, what is 133210111 - -100100?
133310211
In base 9, what is 185 - 2100722?
-2100526
In base 12, what is 10 + -2903797?
-2903787
In base 11, what is 24 + -1429180?
-1429157
In base 14, what is 5 - -33a43c47?
33a43c4c
In base 2, what is 1010 - 110110011100010100011100?
-110110011100010100010010
In base 15, what is 13058 + -1d65?
111e3
In base 15, what is -105 + 1306b?
12e66
In base 3, what is 202 - -20020112022?
20020120001
In base 15, what is 92 + 186c7?
18769
In base 9, what is 4540088 - -3?
4540102
In base 5, what is -13 - 4014031411?
-4014031424
In base 7, what is -11310 - 23506?
-35116
In base 5, what is -101444232222 + -1?
-101444232223
In base 11, what is -1a5 - -23259?
23064
In base 14, what is c0a61 + -1?
c0a60
In base 5, what is 1444411304 - -3?
1444411312
In base 4, what is 3222231110 - -1032?
3222232202
In base 15, what is -1ab30 - 1ca?
-1ad0a
In base 7, what is -10203655 + 12?
-10203643
In base 3, what is -10 - 11122120201211100?
-11122120201211110
In base 12, what is 455a79a - 5?
455a795
In base 2, what is 11100000 + -1000100010111101?
-1000011111011101
In base 12, what is 1 - 49724776?
-49724775
In base 7, what is -3 + 4030250?
4030244
In base 9, what is -4 - 7310230?
-7310234
In base 6, what is -5131041 + 51?
-5130550
In base 11, what is 2 + -31a9596?
-31a9594
In base 14, what is -10134d - 0?
-10134d
In base 9, what is 107 + 1830?
2037
In base 9, what is -122431 + 186?
-122234
In base 11, what is -74 - 40238?
-40301
In base 7, what is -5305301445 - 4?
-5305301452
In base 13, what is 1121ca - -b?
112208
In base 14, what is 2a4 + 6cd36?
6d1da
In base 9, what is -11577465 + -4?
-11577470
In base 8, what is 546623663 - 3?
546623660
In base 15, what is -2d9 + -7c0b?
-7ee5
In base 12, what is -11438b85 + -5?
-11438b8a
In base 12, what is -678 + 83421?
82965
In base 12, what is -198792a - 3?
-1987931
In base 15, what is 16803 - 1ba?
16638
In base 10, what is -8099625 - -2?
-8099623
In base 14, what is 3 - 139201da?
-139201d7
In base 9, what is 3508 + 124632?
128241
In base 2, what is 101010100000 + -100011010000010?
-11101111100010
In base 14, what is -1113958 - -1?
-1113957
In base 14, what is -92717 - 12b?
-92844
In base 12, what is 12 + 25613?
25625
In base 9, what is -20674 - 2283?
-23067
In base 4, what is -221133131 - 1333?
-221201130
In base 12, what is -b - -7368a29?
7368a1a
In base 2, what is 1110101111000000110 + 10000010101?
1110110001000011011
In base 8, what is -1701626 + -1352?
-1703200
In base 10, what is -266048 + 5?
-266043
In base 2, what is -100100010 + -111001101101000?
-111010010001010
In base 10, what is 43346 + -115?
43231
In base 2, what is 101 + 1011000010111111000100?
1011000010111111001001
In base 11, what is -4 - -2a102457?
2a102453
In base 13, what is 10ab + 1741?
281c
In base 8, what is 6024412 + -2?
6024410
In base 13, what is -38332b + -6?
-383334
In base 12, what is 1 + 5188090?
5188091
In base 4, what is -3011 + -1210233013?
-1210302030
In base 2, what is -1101 - -101011111100111001100?
101011111100110111111
In base 16, what is a - 23c9d5c?
-23c9d52
In base 8, what is -21047 - 3712?
-24761
In base 8, what is 60742 + 436?
61400
In base 4, what is -1132032110 - 22?
-1132032132
In base 6, what is -1355355111 + 1?
-1355355110
In base 16, what is -1a + 4e4bd8?
4e4bbe
In base 2, what is -1011001100011101 + -100001111010?
-1011101110010111
In base 16, what is -433 - -bec3?
ba90
In base 14, what is -a0 + 2511a?
2505a
In base 14, what is -da088a + b6?
-da07b4
In base 10, what is -3479 - 44184?
-47663
In base 3, what is 200100000022121 - -200?
200100000100021
In base 7, what is 346 - -1034054?
1034433
In base 9, what is -221 + -1666?
-1887
In base 11, what is -15461208